{"id":63,"date":"2018-08-14T00:49:14","date_gmt":"2018-08-13T21:49:14","guid":{"rendered":"http:\/\/musseker.com.tr\/?page_id=63"},"modified":"2021-10-18T15:58:36","modified_gmt":"2021-10-18T12:58:36","slug":"mus-seker-uretim-sanayi-a-s","status":"publish","type":"page","link":"https:\/\/musseker.com.tr\/","title":{"rendered":"Mu\u015f \u015eeker \u00dcretim Sanayi A. \u015e."},"content":{"rendered":"<p><img loading=\"lazy\" decoding=\"async\" class=\"alignnone wp-image-599 size-full\" src=\"https:\/\/musseker.com.tr\/wp-content\/uploads\/2021\/10\/seker-pancari_8346.jpg\" alt=\"\" width=\"1200\" height=\"800\" srcset=\"https:\/\/musseker.com.tr\/wp-content\/uploads\/2021\/10\/seker-pancari_8346.jpg 1200w, https:\/\/musseker.com.tr\/wp-content\/uploads\/2021\/10\/seker-pancari_8346-300x200.jpg 300w, https:\/\/musseker.com.tr\/wp-content\/uploads\/2021\/10\/seker-pancari_8346-1024x683.jpg 1024w, https:\/\/musseker.com.tr\/wp-content\/uploads\/2021\/10\/seker-pancari_8346-768x512.jpg 768w\" sizes=\"auto, (max-width: 1200px) 100vw, 1200px\" \/> <img loading=\"lazy\" decoding=\"async\" class=\"alignnone wp-image-598 size-full\" src=\"https:\/\/musseker.com.tr\/wp-content\/uploads\/2021\/10\/2021_Ekim2_20211018_2_50485096_69756564.jpg\" alt=\"\" width=\"1120\" height=\"747\" srcset=\"https:\/\/musseker.com.tr\/wp-content\/uploads\/2021\/10\/2021_Ekim2_20211018_2_50485096_69756564.jpg 1120w, https:\/\/musseker.com.tr\/wp-content\/uploads\/2021\/10\/2021_Ekim2_20211018_2_50485096_69756564-300x200.jpg 300w, https:\/\/musseker.com.tr\/wp-content\/uploads\/2021\/10\/2021_Ekim2_20211018_2_50485096_69756564-1024x683.jpg 1024w, https:\/\/musseker.com.tr\/wp-content\/uploads\/2021\/10\/2021_Ekim2_20211018_2_50485096_69756564-768x512.jpg 768w\" sizes=\"auto, (max-width: 1120px) 100vw, 1120px\" \/> <img loading=\"lazy\" decoding=\"async\" class=\"alignnone wp-image-597 size-full\" src=\"https:\/\/musseker.com.tr\/wp-content\/uploads\/2021\/10\/seker-pancari_4320.jpg\" alt=\"\" width=\"1200\" height=\"800\" srcset=\"https:\/\/musseker.com.tr\/wp-content\/uploads\/2021\/10\/seker-pancari_4320.jpg 1200w, https:\/\/musseker.com.tr\/wp-content\/uploads\/2021\/10\/seker-pancari_4320-300x200.jpg 300w, https:\/\/musseker.com.tr\/wp-content\/uploads\/2021\/10\/seker-pancari_4320-1024x683.jpg 1024w, https:\/\/musseker.com.tr\/wp-content\/uploads\/2021\/10\/seker-pancari_4320-768x512.jpg 768w\" sizes=\"auto, (max-width: 1200px) 100vw, 1200px\" \/><\/p>\n","protected":false},"excerpt":{"rendered":"","protected":false},"author":1,"featured_media":0,"parent":0,"menu_order":0,"comment_status":"closed","ping_status":"closed","template":"","meta":{"footnotes":""},"class_list":["post-63","page","type-page","status-publish","hentry","nodate","item-wrap"],"_links":{"self":[{"href":"https:\/\/musseker.com.tr\/index.php\/wp-json\/wp\/v2\/pages\/63","targetHints":{"allow":["GET"]}}],"collection":[{"href":"https:\/\/musseker.com.tr\/index.php\/wp-json\/wp\/v2\/pages"}],"about":[{"href":"https:\/\/musseker.com.tr\/index.php\/wp-json\/wp\/v2\/types\/page"}],"author":[{"embeddable":true,"href":"https:\/\/musseker.com.tr\/index.php\/wp-json\/wp\/v2\/users\/1"}],"replies":[{"embeddable":true,"href":"https:\/\/musseker.com.tr\/index.php\/wp-json\/wp\/v2\/comments?post=63"}],"version-history":[{"count":16,"href":"https:\/\/musseker.com.tr\/index.php\/wp-json\/wp\/v2\/pages\/63\/revisions"}],"predecessor-version":[{"id":601,"href":"https:\/\/musseker.com.tr\/index.php\/wp-json\/wp\/v2\/pages\/63\/revisions\/601"}],"wp:attachment":[{"href":"https:\/\/musseker.com.tr\/index.php\/wp-json\/wp\/v2\/media?parent=63"}],"curies":[{"name":"wp","href":"https:\/\/api.w.org\/{rel}","templated":true}]}}